{"id":8,"date":"2023-12-24T12:51:14","date_gmt":"2023-12-24T11:51:14","guid":{"rendered":"https:\/\/mbekkmi-style.groprotex.com\/index.php\/shop\/"},"modified":"2023-12-27T20:29:40","modified_gmt":"2023-12-27T19:29:40","slug":"boutique","status":"publish","type":"page","link":"https:\/\/mbekkmi-style.groprotex.com\/index.php\/boutique\/","title":{"rendered":"Boutique"},"content":{"rendered":"\t\t<div data-elementor-type=\"wp-page\" data-elementor-id=\"8\" class=\"elementor elementor-8\">\n\t\t\t\t\t\t\t<div class=\"elementor-element elementor-element-377fdaf e-flex e-con-boxed e-con e-parent\" data-id=\"377fdaf\" data-element_type=\"container\" data-settings=\"{&quot;content_width&quot;:&quot;boxed&quot;}\" data-core-v316-plus=\"true\">\n\t\t\t\t\t<div class=\"e-con-inner\">\n\t\t\t\t<div class=\"elementor-element elementor-element-b58dc45 elementor-widget elementor-widget-konte-category-banner\" data-id=\"b58dc45\" data-element_type=\"widget\" data-widget_type=\"konte-category-banner.default\">\n\t\t\t\t<div class=\"elementor-widget-container\">\n\t\t\t\t\t<div class=\"konte-category-banner align-left title-bottom\">\n\t\t\t<a class=\"konte-category-banner__link\" href=\"#\">\n\t\t\t\t\t\t\t\t\t<span class=\"konte-category-banner__category\">Mbegg Mi Style<\/span>\n\t\t\t\t\t\t\t\t<span class=\"konte-category-banner__image\">\n\t\t\t\t\t<img fetchpriority=\"high\" decoding=\"async\" width=\"1920\" height=\"1125\" src=\"https:\/\/mbekkmi-style.groprotex.com\/wp-content\/uploads\/2023\/12\/Banniere-Mbegg-Mi-Style-1-1.jpg\" class=\"attachment-full size-full wp-image-3339\" alt=\"\" srcset=\"https:\/\/mbekkmi-style.groprotex.com\/wp-content\/uploads\/2023\/12\/Banniere-Mbegg-Mi-Style-1-1.jpg 1920w, https:\/\/mbekkmi-style.groprotex.com\/wp-content\/uploads\/2023\/12\/Banniere-Mbegg-Mi-Style-1-1-840x492.jpg 840w, https:\/\/mbekkmi-style.groprotex.com\/wp-content\/uploads\/2023\/12\/Banniere-Mbegg-Mi-Style-1-1-300x176.jpg 300w, https:\/\/mbekkmi-style.groprotex.com\/wp-content\/uploads\/2023\/12\/Banniere-Mbegg-Mi-Style-1-1-1024x600.jpg 1024w, https:\/\/mbekkmi-style.groprotex.com\/wp-content\/uploads\/2023\/12\/Banniere-Mbegg-Mi-Style-1-1-768x450.jpg 768w, https:\/\/mbekkmi-style.groprotex.com\/wp-content\/uploads\/2023\/12\/Banniere-Mbegg-Mi-Style-1-1-1536x900.jpg 1536w, https:\/\/mbekkmi-style.groprotex.com\/wp-content\/uploads\/2023\/12\/Banniere-Mbegg-Mi-Style-1-1-360x210.jpg 360w\" sizes=\"(max-width: 1920px) 100vw, 1920px\" \/>\t\t\t\t<\/span>\n\t\t\t\t<span class=\"konte-category-banner__content\">\n\t\t\t\t\t<h4 class=\"konte-category-banner__title\">La Boutique<\/h4>\n\t\t\t\t\t\t\t\t\t<\/span>\n\t\t\t<\/a>\n\t\t<\/div>\n\t\t\t\t<\/div>\n\t\t\t\t<\/div>\n\t\t\t\t\t<\/div>\n\t\t\t\t<\/div>\n\t\t<div class=\"elementor-element elementor-element-b93733a e-flex e-con-boxed e-con e-parent\" data-id=\"b93733a\" data-element_type=\"container\" data-settings=\"{&quot;content_width&quot;:&quot;boxed&quot;}\" data-core-v316-plus=\"true\">\n\t\t\t\t\t<div class=\"e-con-inner\">\n\t\t\t\t<div class=\"elementor-element elementor-element-c101da3 elementor-widget elementor-widget-konte-products-masonry\" data-id=\"c101da3\" data-element_type=\"widget\" data-widget_type=\"konte-products-masonry.default\">\n\t\t\t\t<div class=\"elementor-widget-container\">\n\t\t\t\t\t<div class=\"konte-products-masonry konte-products konte-product-masonry--elementor has-heading konte-product-masonry--has-heading\">\n\t\t\t<div class=\"woocommerce columns-4 \"><ul class=\"products hover-slider columns-4\"><li class=\"product konte-product-masonry__head\"><div class=\"konte-dash text-default\"><span class=\"konte-dash__line\"><\/span><\/div><h2 class=\"konte-product-masonry__title\"><\/h2><div class=\"konte-product-masonry__description\">Explorez notre collection pour d\u00e9couvrir l'\u00e9l\u00e9gance intemporelle des boubous \"Turquie ndiarem\" et bien plus encore. Chez Mbegg Mi Style, chaque couture raconte une histoire, chaque pi\u00e8ce incarne une tradition et chaque v\u00eatement vous transporte dans l'univers raffin\u00e9 de la mode s\u00e9n\u00e9galaise.<\/div><\/li><li class=\"product type-product post-3283 status-publish first instock product_cat-tourquie has-post-thumbnail shipping-taxable purchasable product-type-simple\">\n\t<div class=\"product-inner\"><div class=\"product-thumbnail\"><a href=\"https:\/\/mbekkmi-style.groprotex.com\/index.php\/product\/modele-4\/\" class=\"woocommerce-LoopProduct-link woocommerce-loop-product__link\"><img decoding=\"async\" width=\"680\" height=\"920\" src=\"https:\/\/mbekkmi-style.groprotex.com\/wp-content\/uploads\/2021\/05\/Modele-2-Mbegg-Mi-Style-680x920.png\" class=\"attachment-woocommerce_thumbnail size-woocommerce_thumbnail\" alt=\"\" \/><\/a><\/div><div class=\"product-summary\"><h2 class=\"woocommerce-loop-product__title\"><a href=\"https:\/\/mbekkmi-style.groprotex.com\/index.php\/product\/modele-4\/\" class=\"woocommerce-LoopProduct-link woocommerce-loop-product__link\"><\/a><\/h2>\n\t<span class=\"price\"><span class=\"woocommerce-Price-amount amount\"><bdi>40.000<span class=\"woocommerce-Price-currencySymbol\">CFA<\/span><\/bdi><\/span><\/span>\n<div class=\"buttons clearfix\"><a href=\"?add-to-cart=3283\" data-quantity=\"1\" class=\"button product_type_simple add_to_cart_button ajax_add_to_cart woocommerce-loop-product__button\" data-product_id=\"3283\" data-product_sku=\"022\" aria-label=\"Add to cart: &ldquo;&rdquo;\" aria-describedby=\"\" rel=\"nofollow\">Ajouter au panier<\/a><a href=\"https:\/\/mbekkmi-style.groprotex.com\/index.php\/product\/modele-4\/\" class=\"quick_view_button quick-view-button button\" data-toggle=\"modal\" data-target=\"quick-view-modal\" data-product_id=\"3283\" rel=\"nofollow\">\n\t\t\t\t<span class=\"svg-icon icon-eye size-normal \"><svg role=\"img\"> <use href=\"#eye\" xlink:href=\"#eye\"><\/use> <\/svg><\/span>\n\t\t\t<\/a><a href=\"?add-to-wishlist=3283\" data-quantity=\"1\" data-product_id=\"3283\" data-variations=\"\" class=\"wcboost-wishlist-button wcboost-wishlist-button--theme button wp-element-button wcboost-wishlist-button--ajax\" aria-label=\"Add &ldquo;&rdquo; to the wishlist\">\n\t\t\t<span class=\"wcboost-wishlist-button__icon\"><span class=\"svg-icon icon-heart-o size-normal \"><svg role=\"img\"> <use href=\"#heart-o\" xlink:href=\"#heart-o\"><\/use> <\/svg><\/span><\/span>\n\t\t\t<span class=\"wcboost-wishlist-button__text\">Ajouter \u00e0 la liste d&#039;envies<\/span>\n\t\t<\/a><\/div><\/div><\/div><\/li>\n<li class=\"product type-product post-3282 status-publish instock product_cat-tourquie has-post-thumbnail shipping-taxable purchasable product-type-simple\">\n\t<div class=\"product-inner\"><div class=\"product-thumbnail\"><a href=\"https:\/\/mbekkmi-style.groprotex.com\/index.php\/product\/modele-5\/\" class=\"woocommerce-LoopProduct-link woocommerce-loop-product__link\"><img decoding=\"async\" width=\"680\" height=\"920\" src=\"https:\/\/mbekkmi-style.groprotex.com\/wp-content\/uploads\/2021\/05\/Modele-1-Mbegg-Mi-Style-680x920.png\" class=\"attachment-woocommerce_thumbnail size-woocommerce_thumbnail\" alt=\"\" \/><\/a><\/div><div class=\"product-summary\"><h2 class=\"woocommerce-loop-product__title\"><a href=\"https:\/\/mbekkmi-style.groprotex.com\/index.php\/product\/modele-5\/\" class=\"woocommerce-LoopProduct-link woocommerce-loop-product__link\"><\/a><\/h2>\n\t<span class=\"price\"><span class=\"woocommerce-Price-amount amount\"><bdi>40.000<span class=\"woocommerce-Price-currencySymbol\">CFA<\/span><\/bdi><\/span><\/span>\n<div class=\"buttons clearfix\"><a href=\"?add-to-cart=3282\" data-quantity=\"1\" class=\"button product_type_simple add_to_cart_button ajax_add_to_cart woocommerce-loop-product__button\" data-product_id=\"3282\" data-product_sku=\"021\" aria-label=\"Add to cart: &ldquo;&rdquo;\" aria-describedby=\"\" rel=\"nofollow\">Ajouter au panier<\/a><a href=\"https:\/\/mbekkmi-style.groprotex.com\/index.php\/product\/modele-5\/\" class=\"quick_view_button quick-view-button button\" data-toggle=\"modal\" data-target=\"quick-view-modal\" data-product_id=\"3282\" rel=\"nofollow\">\n\t\t\t\t<span class=\"svg-icon icon-eye size-normal \"><svg role=\"img\"> <use href=\"#eye\" xlink:href=\"#eye\"><\/use> <\/svg><\/span>\n\t\t\t<\/a><a href=\"?add-to-wishlist=3282\" data-quantity=\"1\" data-product_id=\"3282\" data-variations=\"\" class=\"wcboost-wishlist-button wcboost-wishlist-button--theme button wp-element-button wcboost-wishlist-button--ajax\" aria-label=\"Add &ldquo;&rdquo; to the wishlist\">\n\t\t\t<span class=\"wcboost-wishlist-button__icon\"><span class=\"svg-icon icon-heart-o size-normal \"><svg role=\"img\"> <use href=\"#heart-o\" xlink:href=\"#heart-o\"><\/use> <\/svg><\/span><\/span>\n\t\t\t<span class=\"wcboost-wishlist-button__text\">Ajouter \u00e0 la liste d&#039;envies<\/span>\n\t\t<\/a><\/div><\/div><\/div><\/li>\n<li class=\"product type-product post-3277 status-publish instock product_cat-tourquie has-post-thumbnail shipping-taxable purchasable product-type-simple\">\n\t<div class=\"product-inner\"><div class=\"product-thumbnail\"><a href=\"https:\/\/mbekkmi-style.groprotex.com\/index.php\/product\/modele-3\/\" class=\"woocommerce-LoopProduct-link woocommerce-loop-product__link\"><img loading=\"lazy\" decoding=\"async\" width=\"680\" height=\"920\" src=\"https:\/\/mbekkmi-style.groprotex.com\/wp-content\/uploads\/2021\/05\/Modele-4-Mbegg-Mi-Style-680x920.png\" class=\"attachment-woocommerce_thumbnail size-woocommerce_thumbnail\" alt=\"\" \/><\/a><\/div><div class=\"product-summary\"><h2 class=\"woocommerce-loop-product__title\"><a href=\"https:\/\/mbekkmi-style.groprotex.com\/index.php\/product\/modele-3\/\" class=\"woocommerce-LoopProduct-link woocommerce-loop-product__link\"><\/a><\/h2>\n\t<span class=\"price\"><span class=\"woocommerce-Price-amount amount\"><bdi>40.000<span class=\"woocommerce-Price-currencySymbol\">CFA<\/span><\/bdi><\/span><\/span>\n<div class=\"buttons clearfix\"><a href=\"?add-to-cart=3277\" data-quantity=\"1\" class=\"button product_type_simple add_to_cart_button ajax_add_to_cart woocommerce-loop-product__button\" data-product_id=\"3277\" data-product_sku=\"007\" aria-label=\"Add to cart: &ldquo;&rdquo;\" aria-describedby=\"\" rel=\"nofollow\">Ajouter au panier<\/a><a href=\"https:\/\/mbekkmi-style.groprotex.com\/index.php\/product\/modele-3\/\" class=\"quick_view_button quick-view-button button\" data-toggle=\"modal\" data-target=\"quick-view-modal\" data-product_id=\"3277\" rel=\"nofollow\">\n\t\t\t\t<span class=\"svg-icon icon-eye size-normal \"><svg role=\"img\"> <use href=\"#eye\" xlink:href=\"#eye\"><\/use> <\/svg><\/span>\n\t\t\t<\/a><a href=\"?add-to-wishlist=3277\" data-quantity=\"1\" data-product_id=\"3277\" data-variations=\"\" class=\"wcboost-wishlist-button wcboost-wishlist-button--theme button wp-element-button wcboost-wishlist-button--ajax\" aria-label=\"Add &ldquo;&rdquo; to the wishlist\">\n\t\t\t<span class=\"wcboost-wishlist-button__icon\"><span class=\"svg-icon icon-heart-o size-normal \"><svg role=\"img\"> <use href=\"#heart-o\" xlink:href=\"#heart-o\"><\/use> <\/svg><\/span><\/span>\n\t\t\t<span class=\"wcboost-wishlist-button__text\">Ajouter \u00e0 la liste d&#039;envies<\/span>\n\t\t<\/a><\/div><\/div><\/div><\/li>\n<li class=\"product type-product post-3276 status-publish last instock product_cat-tourquie has-post-thumbnail shipping-taxable purchasable product-type-simple\">\n\t<div class=\"product-inner\"><div class=\"product-thumbnail\"><a href=\"https:\/\/mbekkmi-style.groprotex.com\/index.php\/product\/modele-2\/\" class=\"woocommerce-LoopProduct-link woocommerce-loop-product__link\"><img loading=\"lazy\" decoding=\"async\" width=\"680\" height=\"920\" src=\"https:\/\/mbekkmi-style.groprotex.com\/wp-content\/uploads\/2021\/05\/Modele-3-Mbegg-Mi-Style-680x920.png\" class=\"attachment-woocommerce_thumbnail size-woocommerce_thumbnail\" alt=\"\" \/><\/a><\/div><div class=\"product-summary\"><h2 class=\"woocommerce-loop-product__title\"><a href=\"https:\/\/mbekkmi-style.groprotex.com\/index.php\/product\/modele-2\/\" class=\"woocommerce-LoopProduct-link woocommerce-loop-product__link\"><\/a><\/h2>\n\t<span class=\"price\"><span class=\"woocommerce-Price-amount amount\"><bdi>40.000<span class=\"woocommerce-Price-currencySymbol\">CFA<\/span><\/bdi><\/span><\/span>\n<div class=\"buttons clearfix\"><a href=\"?add-to-cart=3276\" data-quantity=\"1\" class=\"button product_type_simple add_to_cart_button ajax_add_to_cart woocommerce-loop-product__button\" data-product_id=\"3276\" data-product_sku=\"006\" aria-label=\"Add to cart: &ldquo;&rdquo;\" aria-describedby=\"\" rel=\"nofollow\">Ajouter au panier<\/a><a href=\"https:\/\/mbekkmi-style.groprotex.com\/index.php\/product\/modele-2\/\" class=\"quick_view_button quick-view-button button\" data-toggle=\"modal\" data-target=\"quick-view-modal\" data-product_id=\"3276\" rel=\"nofollow\">\n\t\t\t\t<span class=\"svg-icon icon-eye size-normal \"><svg role=\"img\"> <use href=\"#eye\" xlink:href=\"#eye\"><\/use> <\/svg><\/span>\n\t\t\t<\/a><a href=\"?add-to-wishlist=3276\" data-quantity=\"1\" data-product_id=\"3276\" data-variations=\"\" class=\"wcboost-wishlist-button wcboost-wishlist-button--theme button wp-element-button wcboost-wishlist-button--ajax\" aria-label=\"Add &ldquo;&rdquo; to the wishlist\">\n\t\t\t<span class=\"wcboost-wishlist-button__icon\"><span class=\"svg-icon icon-heart-o size-normal \"><svg role=\"img\"> <use href=\"#heart-o\" xlink:href=\"#heart-o\"><\/use> <\/svg><\/span><\/span>\n\t\t\t<span class=\"wcboost-wishlist-button__text\">Ajouter \u00e0 la liste d&#039;envies<\/span>\n\t\t<\/a><\/div><\/div><\/div><\/li>\n<\/ul><\/div>\t\t<\/div>\n\t\t\t\t<\/div>\n\t\t\t\t<\/div>\n\t\t\t\t\t<\/div>\n\t\t\t\t<\/div>\n\t\t\t\t\t\t\t<\/div>\n\t\t","protected":false},"excerpt":{"rendered":"<p>Mbegg Mi Style La Boutique Explorez notre collection pour d\u00e9couvrir l&#8217;\u00e9l\u00e9gance intemporelle des boubous &#8220;Turquie ndiarem&#8221; et bien plus encore. Chez Mbegg Mi Style, chaque couture raconte une histoire, chaque&hellip;<\/p>\n","protected":false},"author":1,"featured_media":0,"parent":0,"menu_order":0,"comment_status":"closed","ping_status":"closed","template":"","meta":{"footnotes":""},"jetpack_sharing_enabled":true,"_links":{"self":[{"href":"https:\/\/mbekkmi-style.groprotex.com\/index.php\/wp-json\/wp\/v2\/pages\/8"}],"collection":[{"href":"https:\/\/mbekkmi-style.groprotex.com\/index.php\/wp-json\/wp\/v2\/pages"}],"about":[{"href":"https:\/\/mbekkmi-style.groprotex.com\/index.php\/wp-json\/wp\/v2\/types\/page"}],"author":[{"embeddable":true,"href":"https:\/\/mbekkmi-style.groprotex.com\/index.php\/wp-json\/wp\/v2\/users\/1"}],"replies":[{"embeddable":true,"href":"https:\/\/mbekkmi-style.groprotex.com\/index.php\/wp-json\/wp\/v2\/comments?post=8"}],"version-history":[{"count":4,"href":"https:\/\/mbekkmi-style.groprotex.com\/index.php\/wp-json\/wp\/v2\/pages\/8\/revisions"}],"predecessor-version":[{"id":3377,"href":"https:\/\/mbekkmi-style.groprotex.com\/index.php\/wp-json\/wp\/v2\/pages\/8\/revisions\/3377"}],"wp:attachment":[{"href":"https:\/\/mbekkmi-style.groprotex.com\/index.php\/wp-json\/wp\/v2\/media?parent=8"}],"curies":[{"name":"wp","href":"https:\/\/api.w.org\/{rel}","templated":true}]}}